-21. Let h = 2 + 3. Suppose -5*w - 75 = -h*i, 3*i - 64 = w - d. List the prime factors of i.
17
Suppose 15 = -5*d, -7*o + d = -2*o - 3443. List the prime factors of o.
2, 43
Let f be 4 - (-1 + 4 + 1). Suppose f = 3*g - 3 - 9. Suppose -2*z + g*o + 10 = 0, -o = 3*o + 4. What are the prime factors of z?
3
Let p(n) = 63*n**2 - 9*n - 30. List the prime factors of p(-3).
2, 3, 47
Let m(z) = 67*z**2 + 21*z - 146. List the prime factors of m(7).
2, 821
Let m(i) = -i**2 + 13*i + 24. Let v be (4*9/12)/((-3)/(-8)). What are the prime factors of m(v)?
2
Suppose 0 = -4*a + 4, -4*z = -2*a + a - 7. Suppose 55 = -5*n + z*f + 300, 0 = 4*n - f - 199. List the prime factors of n.
3, 17
Let o = 7 + 5. Suppose o = 2*g + g. What are the prime factors of (-1 - 1)/(g/(-44))?
2, 11
Suppose -3*k + 1276 + 53 = -4*y, -2*k = 4*y - 906. Suppose k = 2*u - 11. What are the prime factors of u?
229
Let l = 39 - 28. Suppose 0 = l*q - 8*q - 474. List the prime factors of q.
2, 79
Let b(t) = -t**3 - 5*t**2 - 3*t. Let v be b(-3). Let x(z) = z**3 + 10*z**2 + 9*z. Let d be x(v). What are the prime factors of (1 - d)/((-3)/(-72))?
2, 3
Let x be 2/(-12) + (-22399)/(-78). Suppose -4*t + 4*a = -252, 4*t - 2*a - x + 43 = 0. List the prime factors of t.
59
Suppose 5 = b, 16*v - 19*v + 426 = -3*b. List the prime factors of v.
3, 7
Suppose 2*r = -2*q - 6, -5*q + 2*r + 7 = 36. Let p(w) = 4*w - 4*w**2 + 107 - 109 + 5*w**2. What are the prime factors of p(q)?
3
Suppose t + 14 - 34 = 0. Let w = -18 + t. List the prime factors of w.
2
Suppose -64*r + 14155 = 31*r. What are the prime factors of r?
149
Let w = 1303 - 801. List the prime factors of w.
2, 251
Let n(q) = 1 + 2 + 10*q**2 + 0*q - 4*q + 5. List the prime factors of n(4).
2, 19
Suppose -5*i = -4*i - 5. Suppose -2*j - 4*f = -188, 4*f = i*j - 2*j - 332. List the prime factors of j.
2, 13
What are the prime factors of 213264/396 + 6/(-11)?
2, 269
Suppose -2*y - 31 = -6*y - 5*k, -23 = -5*y - k. Suppose 505 = 2*x - 3*l, 0 = 3*x + y*l - 724 + 9. What are the prime factors of x?
5, 7
Let d(p) = -p**2 + 43*p + 14. What are the prime factors of d(32)?
2, 3, 61
Let z = 257 - 152. List the prime factors of (-20)/z*3 + 1856/14.
2, 3, 11
Let b = 57 - -71. List the prime factors of b.
2
Suppose 7*q - 15 = 6. Suppose q*v - 5*r - 77 = 576, 3*r + 1067 = 5*v. List the prime factors of v.
211
Suppose -8 = 30*n - 28*n. What are the prime factors of (-1985)/(-20) + 1/n?
3, 11
Suppose -31 = -5*m - 6. Suppose -3*x + 4*x + i - 9 = 0, -37 = -m*x - i. List the prime factors of (3/9)/(x/714).
2, 17
Let y(j) = -123*j + 65. List the prime factors of y(-6).
11, 73
Let f = -721 + 1848. What are the prime factors of f?
7, 23
Let s(k) = -410*k + 11. List the prime factors of s(-1).
421
Let k = 730 - 331. What are the prime factors of k?
3, 7, 19
Let g(u) = 6*u + 30. Let m be g(-5). Suppose m = -9*o + 6*o + 453. What are the prime factors of o?
151
Let l be ((-32)/(-6))/((-1)/3). Let z = -8 - l. Suppose c - z = -c. List the prime factors of c.
2
Let x be ((-8)/(-2))/((-6)/(-15)). Let k be (16/x)/(12/480). Let f = -22 + k. What are the prime factors of f?
2, 3, 7
What are the prime factors of (184 + 0)*(6/12 - -3)?
2, 7, 23
Let n(r) = -r**3 - 2*r**2 - 2*r. Let f be n(-2). Let g = f + -6. Let a(t) = t**3 + 5*t**2 + t + 1. List the prime factors of a(g).
11
Let f = -9 + 13. Let c be 1/f + (-1055)/(-20). Let w = c + -30. List the prime factors of w.
23
Let d = 579 - 199. Suppose -2*g - 8*g = -d. What are the prime factors of g?
2, 19
Let x(b) = b**2 - 7*b + 3. Let t(i) = 1. Let q = -5 - -10. Let v(f) = q*t(f) + x(f). What are the prime factors of v(8)?
2
Suppose -21*x + 44*x = 17940. List the prime factors of x.
2, 3, 5, 13
Suppose 6*l - 5440 = -4*l. Suppose 0 = -2*y - 3*z + l, z + 270 = 3*y - 535. List the prime factors of y.
269
Let l = 20 - 15. Suppose -2*j = -2*k + 76, 6*j + 189 = l*k + 2*j. What are the prime factors of k?
37
Let m(v) = 8*v + 7. Let u be m(-5). Let x be (9/4)/(u/88). What are the prime factors of 225/(-2)*4/x?
3, 5
Suppose -5*w - w = 0. Suppose 4*z + w*z = 64. List the prime factors of (18*-1)/((-6)/z).
2, 3
Suppose -3*j - 2*j = o - 36, -2*j = 2*o - 112. Suppose -5*h + 334 = -o. List the prime factors of h.
79
Let q(w) = 54*w - 417. List the prime factors of q(17).
3, 167
Suppose 4*w - w = k - 571, -5*w - 2319 = -4*k. Suppose -4*f + k + 206 = 0. List the prime factors of f.
2, 3, 11
Suppose -4*x + 8*x - 4*g - 696 = 0, 3*g = 4*x - 697. List the prime factors of x.
5, 7
List the prime factors of (1 - 4) + 4 + 2 + 329.
2, 83
Let f(c) = 92*c**2 + 25*c - 32. List the prime factors of f(6).
2, 5, 7
Let m be (-28)/(-1)*1*27/(-12). List the prime factors of 3*(-6051)/m - 1/7.
2, 3
Suppose 1801 = 4*y - 1607. What are the prime factors of (-8)/(-10) - (y/(-10) + -3)?
89
Suppose -3*f = -3*b - 126, -b + 2*f - 5*f = 22. Let t = b - -129. What are the prime factors of t?
2, 23
Let p be (-60)/(-14)*(-4 + 32). Suppose 5*u + m = p, -5*u + 120 = -0*u + 5*m. List the prime factors of u + 9/(-3) + -4.
17
Let g be (-6)/(-12) - 18/4. Let d = 72 + g. List the prime factors of d.
2, 17
Let i(q) = -q**2 - 6*q + 793. List the prime factors of i(0).
13, 61
Suppose 2*i + 2*g - 306 - 228 = 0, 0 = -4*i - 2*g + 1062. Suppose -5*s + i = -3*m, -2*m - m = 3*s - 168. List the prime factors of s.
2, 3
Suppose 11*w - 8*w = -48. Let g be ((-3)/12)/(2/w). Suppose -118 = -3*z + 2*h, 0 = -5*z - 0*h + g*h + 190. What are the prime factors of z?
2, 3
Suppose 2*n + 2*f = 180 + 34, f = 4*n - 403. Suppose 9*o - 159 = n. What are the prime factors of o?
29
Suppose y = 5*p - 0*y - 564, -p + 5*y + 108 = 0. What are the prime factors of p?
113
Suppose 149 = g - 2*i - 59, -g - 4*i = -238. Suppose q + 7 = g. Suppose 0 = -5*z + q + 59. What are the prime factors of z?
2, 3
Let r be (-2)/2 + 1 - 1. Let a = 7 - -9. List the prime factors of (-7)/((-7)/a) + r.
3, 5
Suppose -3*n + 0*n + 16 = -o, 5*n + 4*o = 4. Let a be 5 + (-2)/n*0. Suppose -y + 0*y = -3*f + 38, a*y + 14 = -f. What are the prime factors of f?
11
Let r(z) = z**3 - 7*z**2 - 34*z - 6. List the prime factors of r(12).
2, 3, 17
Let x = 14162 + -9971. List the prime factors of x.
3, 11, 127
Suppose 0*c - 216 = 2*c - 2*h, 0 = -2*c - h - 228. Let v = c - -287. List the prime factors of v.
5, 7
Suppose 5*r - 2*k - 229 - 98 = 0, 59 = r - 2*k. Let v = -28 + r. List the prime factors of v.
3, 13
Let i = 3620 - 1671. What are the prime factors of i?
1949
Let g be (-9)/(45/(-2))*5. What are the prime factors of 7/(14/508) + (0 - g)?
2, 3, 7
Let g(y) = -y**3 - 25*y**2 - 33*y + 21. What are the prime factors of g(-24)?
3, 79
Let o(y) = -28*y - 8. List the prime factors of o(-8).
2, 3
Let u = 172 - -25. What are the prime factors of u?
197
Let x(c) = 2*c**2 + c - 32. Suppose 0 = -3*w - 5*f + 14, 2*w + 3*w + 5*f = 40. List the prime factors of x(w).
11, 29
Let c(j) = 67*j**3 + 2*j**2 - 1. Suppose k - 3 = -2*k. Let y be c(k). Suppose -3*g - 6 = 0, -2*g - y = -4*u - 8. What are the prime factors of u?
2, 7
Let r be (-3)/(-2)*(0/4 - 4). What are the prime factors of (-3)/((-15)/365) + r/3?
71
Let c be (-2)/3*8/(32/(-12)). Let k(b) = 26*b**2 + 3*b - 5. List the prime factors of k(c).
3, 5, 7
Let v(g) = g**3 + 9*g**2 + 3. Let w be v(-9). Suppose 0 = 2*i - w*d - 92, -i + 92 = i - 2*d. List the prime factors of i.
2, 23
Let u be 4*(105/6 - -4). Suppose -u = -s + i, 4*i + 176 = s + s. List the prime factors of s.
2, 3, 7
Let w = -14 + 15. Let z be 2/((-4)/(-134))*w. Let i = z + -45. What are the prime factors of i?
2, 11
Suppose 0 = -16*c - 19*c + 23590. What are the prime factors of c?
2, 337
Let q = -18 - -18. List the prime factors of (-156)/14*((q - 0) + -7).
2, 3, 13
Suppose 0 = 3*p, r + 4*p - 21 - 13 = 0. Let h = 93 - 91. Suppose -r = -h*n - 6. What are the prime factors of n?
2, 7
Let d(y) be the third derivative of -5*y**4/12 - y**3/6 + 3*y**2. List the prime factors of d(-3).
29
Suppose 2*s - s = -167. Let q = -116 - s. List the prime factors of q.
3, 17
Let r(h) = 104*h**2 + h + 23. What are the prime factors of r(3)?
2, 13, 37
Suppose 3*b + 731 = 2*k, -2*b + b - 368 = -k. What are the prime factors of k?
373
Suppose 4*f = 4*v + 4088, f - 614 = 2*v + 407. List the prime factors of f.
3, 11, 31
Let v(y) = -y**2 - 8*y - 6. Let m be v(-10). Let j = 214 + m